ate 8 + (-6 - 3 - -5).
4
What is -9 + 0 - (12 - 15) - -6?
0
-4 + 3 - -6 - (5 + -2)
2
Evaluate -1 + -2 + 1 + -1 + 5.
2
What is the value of -1 - -5 - (-3 - -10 - 2)?
-1
1 - -1 - 1 - -3
4
Evaluate -17 + 26 - (2 - -1).
6
Calculate 10 - ((5 - 15) + 12).
8
Calculate 15 + -8 - 3 - 4.
0
What is -2 + (-1 - 1) + -5 + 8?
-1
What is (28 - 22) + (-3 - 6)?
-3
(5 - 3) + -15 + 20
7
(0 - 1) + 5 + -5 + 1
0
What is -3 - (4 - (-1 + 2) - 5)?
-1
Calculate (0 + -5 - -11) + 1 + -2.
5
15 + -13 + -11 + 5 + 5
1
What is the value of -1 + 4 + -2 - (-15 - -12)?
4
0 + -2 - (-34 - -30) - 0
2
What is 16 - 11 - (3 - -2) - -3?
3
(-2 - -2 - -3) + 1 + 1
5
Calculate -6 - -6 - (-6 - -8).
-2
Evaluate 0 + 1 + -5 - -8.
4
5 + 1 + -2 + -7
-3
What is -1 - (19 + -21 - (1 + 3))?
5
Evaluate 30 - 31 - (-4 + 2).
1
Evaluate -2 + 6 + -13 - -5.
-4
6 + (-6 + 6 - 8)
-2
Calculate 2 + (6 + -3 - 2 - 1).
2
Evaluate 1 + 6 + -8 - -8.
7
Evaluate -3 + -1 + (1 - 1).
-4
What is the value of -5 - (2 - ((10 - 5) + -7))?
-9
Calculate 4 + -2 + (-13 - (1 - 10)).
-2
Calculate 0 + -12 + 8 + 1.
-3
(-2 - -9) + 13 + -2 + -14
4
Evaluate -2 + -7 + 6 - 0.
-3
What is the value of (-6 - -12) + 4 - 12?
-2
What is the value of 1 + -7 + (3 - -1)?
-2
Calculate -7 + (16 - (3 - -5)).
1
Evaluate 6 + -3 + 3 - 3 - -2.
5
What is 5 - (-3 - (-9 + (2 - -4)))?
5
What is the value of -2 + 4 + 5 + (-7 - -3)?
3
Calculate (1 - 10) + 7 + 0 + -1.
-3
What is -5 - (0 + -7 + 3)?
-1
Evaluate -4 - (2 - (-1 + 4)).
-3
Calculate -1 + (-5 - (-7 - -3)).
-2
-1 + 2 + 105 + -108
-2
Calculate 10 - ((-6 - -10) + 2).
4
What is (2 - (-1 - 1)) + -4?
0
(-14 - -8) + 6 + (-15 - -6)
-9
Calculate (1 + -5 - -4) + -2.
-2
What is the value of -5 + (2 - 11) + 10?
-4
What is the value of -18 - -8 - (2 - 4)?
-8
Evaluate (11 - 6) + (0 - 9).
-4
(3 + 6 - 5) + 1 + 0
5
What is 0 - 6 - 1 - 5 - -6?
-6
What is 11 + (0 - (0 - -6))?
5
Calculate 0 + (-2 - (-5 + 1)).
2
(4 - 17) + 6 - (-3 + 0)
-4
What is (-15 - 0) + 9 + 0?
-6
What is the value of (-6 - -6) + -1 - (-2 - 0)?
1
What is 1 - 2 - -1 - (8 - 0)?
-8
Evaluate -6 - (-3 - (-2 - -2)).
-3
(10 - 9) + (1 + 1 - 3)
0
Evaluate -28 + 28 - (3 - 14).
11
Calculate (1 - 4 - -9) + 1.
7
What is (4 + 0 - 8) + -2 + 7?
1
Evaluate 5 - 10 - ((-1 - 1) + -2).
-1
What is (-6 - -1) + 8 - (-3 - -3)?
3
Calculate -7 - (-5 + 1 + -4 + 7).
-6
-6 - -8 - (-4 + (-4 - -9))
1
Evaluate -3 - -7 - (-10 + 15).
-1
-15 - (-6 + -5 + 2)
-6
What is 10 + -8 - (4 + -1 + -1)?
0
Evaluate 1 + -2 - -1 - (91 - 94).
3
Evaluate (-3 - -3) + (-1 - 2).
-3
What is (-8 + (3 - 0) - 0) + 8?
3
Calculate 5 + -1 + (-8 - 1).
-5
What is the value of -4 + -2 - (1 + -3)?
-4
Evaluate (-11 - 1) + -1 + (-5 - -11).
-7
Calculate 6 + (-14 + 9 - 9).
-8
Evaluate -5 + 3 + 0 + 1 + -5.
-6
Calculate (-13 - -16) + (1 - (4 - 2)).
2
Calculate (-20 - -18) + 4 + 1.
3
Calculate (-1 - (-1 - (-2 + 0))) + 0.
-2
What is the value of 90 + -80 + (-1 - 10)?
-1
What is -17 - -20 - (1 - 1) - -3?
6
Calculate 7 - 0 - (-3 + 8 + -1).
3
What is the value of (-1 - 3) + (3 - 9 - -15)?
5
Evaluate (-3 - -4) + 1 + 5 + -2.
5
-7 + 1 - -2 - (-2 - 1)
-1
(-1 - 8) + (-20 - -31)
2
What is the value of -3 + -3 + 12 + -11?
-5
What is the value of 10 + 7 + -18 - -10?
9
What is 2 - (3 + (1 - -1))?
-3
What is 7 + 0 + (-7 - -5)?
5
-3 - (6 + -7 + -1) - -4
3
What is the value of 4 - 9 - (6 + 2 - 16)?
3
What is (-8 - 0 - (-5 + 1)) + 3?
-1
Calculate -11 + 15 + (1 - 0).
5
What is -1 - 1 - (1 + -5)?
2
What is 6 + (-14 - -6) - -2?
0
Evaluate (-4 - 3) + -1 + 2 + 2.
-4
Calculate (1 - 2) + (-4 + 16 - 5).
6
1 + -4 + 7 + -4 - -1
1
What is -2 + 2 + 0 + 5 + 0?
5
What is (-2 - -2) + (-2 - -3)?
1
What is the value of (-5 - (3 - 8)) + 4?
4
Evaluate 4 + (0 - (-2 - -4)).
2
Calculate -16 - -17 - (1 - -5) - -4.
-1
Evaluate 1 + (-1 - (4 - 6)).
2
What is 1 + (-9 - (-8 + 2) - -5)?
3
What is the value of (5 - 0 - -1) + -14 + 2?
-6
Calculate -15 - -7 - (9 + -18).
1
Calculate 0 + (-8 - (-7 + -2)) + -2.
-1
What is the value of 5 - (-6 - (-6 + -7))?
-2
Calculate -9 + 14 + -3 - (8 - -1).
-7
What is the value of (0 - (-3 + (-5 - -4))) + -5?
-1
What is the value of 3 - (3 - (-1 + 1)) - -4?
4
Calculate -7 + (19 - (0 + -2 + 7)).
7
What is (8 - 13) + 1 + 0 + 2?
-2
40 + -38 - (-3 + -4)
9
Evaluate 9 + (-12 - -6) - 2.
1
-20 + 23 + (-1 - 6)
-4
What is the value of (7 - 2) + 2 - (4 - -1)?
2
Calculate 7 + 1 + -1 + -67 + 64.
4
What is the value of (9 - 4) + -1 + (-1 - 0)?
3
What is (11 - (1 - -5)) + (0 - 0)?
5
(-9 - -6) + -8 - -12
1
What is the value of -2 - (0 + 5 - (31 + -26))?
-2
Calculate -5 + (0 - -11) + 3 + -5.
4
What is the value of 2 - (0 + -5 + 7)?
0
What is the value of 6 + -9 + 4 + -4 + -3?
-6
-10 + (-10 + 12 - 1)
-9
Calculate 19 - 10 - 10 - -10.
9
Evaluate -2 + (-7 - -1) + -51 + 52.
-7
(1 - -3) + (82 - 89)
-3
0 - (-3 + 0 - (3 + -4))
2
What is (1 + 0 - -10) + -19?
-8
Calculate -4 - (-8 + -5 - -7).
2
Evaluate -5 + -6 + 6 - (2 + -6).
-1
3 + (-11 - 1) + 15
6
13 - 9 - (0 - -1)
3
-7 + (-1 - (5 - 8)) - -11
6
What is the value of 4 + 0 - (5 - 9 - -3)?
5
What is (-25 - -12) + 12 + -9?
-10
Evaluate ((-1 - 1) + 6 - -1) + 0.
5
Calculate 4 + (5 - 5) + -3 + -6.
-5
Calculate -1 + -3 + 5 + 1 + 2.
4
What is the value of 7 - 2 - (-6 - -15)?
-4
What is the value of 6 + 5 - (0 - (-1 + -7))?
3
What is -6 - -6 - (5 + 5 + -15)?
5
Evaluate (7 + -14 - -17 - 3) + -2.
5
Evaluate (-4 - (-3 + 2)) + (8 - -1).
6
What is the value of -8 + 5 + 10 + -10?
-3
0 + 2 + 0 + 1
3
-16 + 9 + (1 - 1)
-7
Evaluate (-2 - (-3 - 0 - 2)) + 2.
5
Evaluate -6 + (3 + 1 - (-7 + 2)).
3
Evaluate (-3 - -4 - 10) + 4.
-5
Calculate -16 + -1 + 6 - -6 - -2.
-3
Evaluate (3 - 2) + 2 + -2.
1
8 + (1 - (-8 + 12))
5
Calculate 5 - 1 - (2 - (6 + -5)).
3
Evaluate -5 + 2 + -8 + 14.
3
What is -6 + 2 - (-14 - -15)?
-5
11 - 13 - (1 - -1)
-4
What is the value of (-1 - -5) + 0 - (4 - -5)?
-5
What is (2 - (3 - 4)) + -1?
2
What is (-1 - (-3 + -4)) + -7?
-1
Evaluate -9 + 5 - -6 - (0 - -6).
-4
Evaluate -1 + -1 - (4 + -6).
0
Calculate -3 - (0 + -5) - -4 - 8.
-2
What is -8 - -8 - (1 - (1 + 4))?
4
Evaluate 0 - (7 + -11 - -10).
-6
Calculate 0 + -9 + 4 + 8 + -6.
-3
Evaluate (11 - 9) + -8 - (1 + -2).
-5
Evaluate 7 - -2 - (-27 + 15 - -11).
10
What is the value of 2 - 4 - -1 - (1 - 1)?
-1
Evaluate 0 + -4 + 9 + -7 + 11.
9
0 + (1 + -2 - -3) + 0
2
What is the value of (-10 - -17) + (-2 - (-9 - -5))?
9
What is the value of 6 - (4 - -9 - 6)?
-1
3 - (16 - (-1 + 8))
-6
What is (-1 - -3) + 3 + -2 + -5?
-2
Calculate -1 + 0 - ((-4 - -3) + 5).
-5
(-7 - -7) + (1 - 6)
-5
(4 + -3 - -5) + -1
5
Evaluate (-4 - (-13 + 9)) + (0 - -3).
3
Calculate (-3 - -3) + 1 + -4 + 6.
3
Calculate -4 - 4 - -6 - -1.
-1
Calculate (1 - 2) + (-14 - -11).
-4
Evaluate -7 + (2 - (-1 + 1)).
-5
What is the value of 3 + -1 + 0 + (3 - 3)?
2
Evaluate 4 + 2 - -1 - (37 + -35).
5
(-10 - -2) + 3 + 1 - -10
6
What is the value of (22 - 16) + (0 - 2) - 5?
-1
Calculate (-25 - -22) + 7 + 1 + 1.
6
Calculate -46 + 43 - (1 + 3).
-7
What is the value of 3 + (-5 - 1) + -1 + 2?
-2
What is 26 + -18 - (3 - 0)?
5
Calculate 42 - 48 - (-7 - 0).
1
What is the value of 2 + (1 - (-4 - -3))?
4
Evaluate 4 - (4 + (4 - (9 + -4))).
1
What is the value of 3 - (-3 + 8 + -2)?
0
Calculate 6 + 10 + -23 - -4.
-3
What is the value of (1 + 0 - 8) + 48 + -46?
-5
What is 3 - -5 - 9 - 0?
-1
Evaluate -16 + 25 - (-3 + 14).
-2
What is (-4 - (1 + -1)) + (4 - 3)?
-3
Calculate 0 + 4 + (-28 - -13 - -18).
7
10 + (7 - 5) + -6 - 9
-3
What is 0 + 2 + (-3 - 1) + -1?
-3
What is (6 - 2 - -1) + -3 + 1?
3
(-1 - (-4 - 1)) + 2 + -2
4
What is the value of 3 - (0 + (3 - (-2 - -3)))?
1
0 - (10 + (-18 - -10))
-2
-2 + (-4 - (-4 - -2))
-4
What is -4 + (1 - -6 - -1)?
4
3 - 2 - (-3 + -2 + 5)
1
Evaluate (1 + 0 + -2 - 3) + 1.
-3
-3 - (-4 + 5 + (1 - 0))
-5
What is -2 - 0 - -4 - (17 - 14)?
-1
What is the value of (0 - 2) + -6 + (-11 - -18)?
-1
2 + -3 - (6 - 4)
-3
Evaluate 3 + (2 - (4 + 2 + -4)).
3
What is the value of (2 - 9) + 8 - 10?
-9
Calculate 11 + -8 + -1 - (-1 - 0).
3
What is the value of -3 + 6 + (-2 - (-3 + 0))?
4
Calculate -7 - (6 - 2 - 9) - -3.
1
Calculate -56 + 61 - (-2 + 0).
7
5 - ((-1 - 1) + 12)
-5
What is the value of (15 - 5) + -10 + -5?
-5
What is 40 - 37 - (-1 - -3 - -4)?
-3
5 - -3 - 12 - 1
-5
Calculate -3 - (1 + -1 - (-7 - -12)).
2
What is the value of -9 + 9 + -5 + 3?
-2
Calculate 4 - (1 + 1) - (-3 + 1).
4
What is -2 - (-9 + (0 - -10))?
-3
What is